{"id":57,"date":"2025-03-30T16:47:33","date_gmt":"2025-03-30T16:47:33","guid":{"rendered":"https:\/\/soulmed.online\/?page_id=57"},"modified":"2025-04-04T18:02:25","modified_gmt":"2025-04-04T18:02:25","slug":"das-fachgebiet-psychosomatische-medizin-und-aerztliche-psychotherapie-beziehungsmedizin-seele-koerper-und-lebenswelten-gemeinsam-verstehen","status":"publish","type":"page","link":"https:\/\/soulmed.online\/?page_id=57","title":{"rendered":"Das Fachgebiet"},"content":{"rendered":"\n<p><em>laut Deutsche Gesellschaft f\u00fcr Psychosomatische Medizin<\/em><\/p>\n\n\n\n<p><br><strong>Das Fachgebiet Psychosomatische Medizin und \u00e4rztliche Psychotherapie: Beziehungsmedizin &#8211; Seele, K\u00f6rper und Lebenswelten gemeinsam verstehen<\/strong> <br><br>Das \u00e4rztliche Fachgebiet&nbsp;Psychosomatische Medizin und Psychotherapie&nbsp;umfasst die Erkennung, Behandlung, Pr\u00e4vention und Rehabilitation von psychosomatischen und psychischen Krankheiten und Leidenszust\u00e4nden. Ein Schwerpunkt liegt auf Problemlagen und Erkrankungen, die durch das Wechselspiel und die Verbindung von Soma (dem K\u00f6rper) und der Psyche (seelische Vorg\u00e4nge) gepr\u00e4gt sind. Auch psychische St\u00f6rungen, die sich prim\u00e4r in k\u00f6rperlichen Symptomen zeigen, sind ein spezifisches Arbeitsfeld der Psychosomatischen Medizin. In besonderer Weise steht das Fachgebiet auch f\u00fcr die Kompetenz der&nbsp;\u00c4rztlichen Psychotherapie&nbsp;mit u.a. den h\u00f6chsten Anforderungen und der Facharztausbildung f\u00fcr den Bereich Psychotherapie innerhalb des medizinischen F\u00e4cherkanons.<\/p>\n\n\n\n<p><strong>Den ganzen Menschen sehen: <\/strong><\/p>\n\n\n\n<p>Die Experten f\u00fcr \u00c4rztliche Psychotherapie<br>Das \u00e4rztliche Fachgebiet Psychosomatische Medizin und Psychotherapie verbindet medizinisch \u00e4rztliche Kenntnisse mit spezialisierter Expertise der \u00c4rztlichen Psychotherapie. Damit werden Diagnostik und Behandlung bei psychischen und psychosomatischen St\u00f6rungen stets integriert und abgestimmt durchgef\u00fchrt in der Ber\u00fccksichtigung von k\u00f6rperlichen und psychischen Symptomen und Erkrankungen. Beispielhaft zu nennen sind etwa auch die Auswirkungen von depressiven Erkrankungen auf die Herz- und Gef\u00e4\u00dfgesundheit oder von \u00c4ngsten auf die Behandlungsprozesse von schwerwiegenden k\u00f6rperlichen Erkrankungen als bedeutsame Aspekte der Psychosomatischen Medizin und \u00c4rztlichen Psychotherapie. Zentrales Anliegen des Fachgebietes ist es, den kranken Menschen ebenso ernst zu nehmen, wie seine Krankheit.<\/p>\n\n\n\n<p>(c) <a href=\"https:\/\/www.dgpm.de\/ueber-das-fachgebiet\/\">dgpm.de<\/a><\/p>\n\n\n\n<p><\/p>\n","protected":false},"excerpt":{"rendered":"<p>laut Deutsche Gesellschaft f\u00fcr Psychosomatische Medizin Das Fachgebiet Psychosomatische Medizin und \u00e4rztliche Psychotherapie: Beziehungsmedizin &#8211; Seele, K\u00f6rper und Lebenswelten gemeinsam verstehen Das \u00e4rztliche Fachgebiet&nbsp;Psychosomatische Medizin und Psychotherapie&nbsp;umfasst die Erkennung, Behandlung, Pr\u00e4vention und Rehabilitation von psychosomatischen und psychischen Krankheiten und Leidenszust\u00e4nden. Ein Schwerpunkt liegt auf Problemlagen und Erkrankungen, die durch das Wechselspiel und die Verbindung von &hellip; <\/p>\n<p class=\"link-more\"><a href=\"https:\/\/soulmed.online\/?page_id=57\" class=\"more-link\"><span class=\"screen-reader-text\">\u201eDas Fachgebiet\u201c <\/span>weiterlesen<\/a><\/p>\n","protected":false},"author":1,"featured_media":0,"parent":0,"menu_order":0,"comment_status":"closed","ping_status":"closed","template":"","meta":{"footnotes":""},"class_list":["post-57","page","type-page","status-publish","hentry"],"_links":{"self":[{"href":"https:\/\/soulmed.online\/index.php?rest_route=\/wp\/v2\/pages\/57","targetHints":{"allow":["GET"]}}],"collection":[{"href":"https:\/\/soulmed.online\/index.php?rest_route=\/wp\/v2\/pages"}],"about":[{"href":"https:\/\/soulmed.online\/index.php?rest_route=\/wp\/v2\/types\/page"}],"author":[{"embeddable":true,"href":"https:\/\/soulmed.online\/index.php?rest_route=\/wp\/v2\/users\/1"}],"replies":[{"embeddable":true,"href":"https:\/\/soulmed.online\/index.php?rest_route=%2Fwp%2Fv2%2Fcomments&post=57"}],"version-history":[{"count":4,"href":"https:\/\/soulmed.online\/index.php?rest_route=\/wp\/v2\/pages\/57\/revisions"}],"predecessor-version":[{"id":74,"href":"https:\/\/soulmed.online\/index.php?rest_route=\/wp\/v2\/pages\/57\/revisions\/74"}],"wp:attachment":[{"href":"https:\/\/soulmed.online\/index.php?rest_route=%2Fwp%2Fv2%2Fmedia&parent=57"}],"curies":[{"name":"wp","href":"https:\/\/api.w.org\/{rel}","templated":true}]}}